)?
7
Let s(j) = 4*j**2 + 2*j + 10. What is the hundreds digit of s(5)?
1
Suppose 9*l = 13*l - 28. Suppose -3*i = -l - 71. What is the units digit of i?
6
Let v be (3 + (-14)/2)*-1. Suppose -i + 353 = v*c - 7, -5*c - 4*i = -461. Suppose -3*m + 4*m = -5*d + c, 5*d = -5*m + 105. What is the tens digit of d?
1
Suppose 0 = -c - 3*w, -21 = -2*c + 4*w - 3*w. What is the units digit of c?
9
Suppose -4*u + 5*u = b + 2, -3*u = -12. Let v = 12 + b. What is the units digit of v?
4
Let n = 2 + -2. Suppose -3*g + n*w = 4*w - 63, 5*g - w - 128 = 0. What is the tens digit of g?
2
Let k(o) = 31*o - 16. What is the hundreds digit of k(14)?
4
Let z = 45 + -31. What is the tens digit of z?
1
Let y = 125 - 46. What is the tens digit of y?
7
Let j be ((-4)/10)/((-4)/(-80)). Let d = j - -29. What is the units digit of d?
1
Suppose -86*x + 79*x + 980 = 0. What is the tens digit of x?
4
Suppose 0 = 3*s - 7*s - 4*f + 28, s - 3*f = 19. Suppose s - 3 = q. What is the units digit of q?
7
Let c(o) = -2*o**2 + 3*o + 1. Let m be c(3). Let w = -13 - m. Let b(q) = q**2 + 3*q - 6. What is the units digit of b(w)?
4
Suppose 0 = 3*g - 15, 4*y = -y + 2*g - 20. What is the units digit of 15/y*2/(-3)?
5
Let i be -7 + (-9 - -3 - -3). What is the units digit of (-30)/i*(-1 - -7)?
8
Let c be -1 + 1 - (-6)/3. Suppose -2*s + 5*r = -11, -s - 3*r + r = -1. What is the units digit of (-9)/(-6)*c/s?
1
Suppose 5*w - 36 = -3*j, w + 0*w - 21 = 4*j. What is the tens digit of 2/3 - (-201)/w?
2
Let u(w) = -54*w**2 - 34*w. Let q(x) be the first derivative of -5*x**3/3 - 3*x**2/2 + 4. Let f(v) = -68*q(v) + 6*u(v). What is the units digit of f(-1)?
6
Let b be 4/(-18) - 4/(-18). Let n = b + 2. What is the units digit of n?
2
Let a(b) = -b + 64. Let y be a(0). Suppose -2*h - 2*h = -y. What is the tens digit of h?
1
Suppose 2*j = -0*u - 2*u + 30, 4*j = 2*u + 66. Let z(s) = s - 4. Let b be z(-7). Let w = j + b. What is the units digit of w?
5
Suppose -4*x + 3*x = -1. What is the units digit of x?
1
What is the hundreds digit of 242/(-4)*(-2 - 0)?
1
Suppose 0 = 5*f + 5*c - 2*c - 1, f - 2*c - 8 = 0. What is the units digit of f?
2
Suppose 17 = 4*y + 1. Suppose -67 = -y*j + 3*r, -5*r - 8 = 5*j - 48. What is the units digit of j?
3
Suppose -k = -0*k + 2*w - 98, k = -4*w + 100. What is the tens digit of k?
9
Let m = -6 + 13. Let t be m - -2*(-1)/2. What is the units digit of t/(-8) - (-23)/4?
5
Suppose 4*u = 13 - 9. Suppose 0*d - 2*j - 60 = -4*d, -3*j + u = d. What is the tens digit of d?
1
Suppose n - 28 = 2*m - 3, 5*n = 2*m + 109. What is the units digit of n?
1
Let m(u) be the second derivative of u**5/40 - 7*u**4/24 - u**3/2 - u. Let k(z) be the second derivative of m(z). What is the units digit of k(5)?
8
Let t = 15 - -2. What is the tens digit of t?
1
Let i(h) = h**3 - 8*h**2 + 16*h - 4. What is the units digit of i(8)?
4
Let n(f) be the first derivative of f**4/4 + 5*f**3/3 - 5*f**2/2 + 2*f - 5. What is the units digit of n(-5)?
7
Let r(k) = 12*k**2 + 4*k + 5. Let f = -15 + 13. What is the tens digit of r(f)?
4
Let i(h) = -4*h + 4*h**2 - 3*h**2 + 3*h + 5. Let p be i(0). Suppose 4*o - 3*o = p. What is the units digit of o?
5
Let h = -9 + 8. Let c(a) = 3*a**2 + a + 1. Let l be c(h). Suppose 4*d - 2*i - 63 = -7*i, -l*d + 56 = -5*i. What is the units digit of d?
7
Suppose 0 = -3*s - 2*s + 20. Suppose 0*n + s*n - 40 = 0. Let c = n - 6. What is the units digit of c?
4
Suppose -4 - 1 = -5*k. Suppose -3*r + k + 26 = 0. What is the units digit of r?
9
Suppose 162 = 30*l - 27*l. What is the units digit of l?
4
Suppose 3*r - 2*r = 10. Suppose 0 = v + r. Let f = 17 + v. What is the units digit of f?
7
Let b = 3 - 12. Let t = b - -18. What is the units digit of t?
9
What is the tens digit of (-144)/(-14) - (-12)/(-42)?
1
Suppose y = -0*y. Suppose g - 4*g = y. Suppose g*b + 2 = b. What is the units digit of b?
2
Let s = 6 + 0. Suppose 0 = 3*k - s - 93. What is the units digit of k?
3
Let r(k) = k**3 - 5*k**2 - 5*k + 9. Suppose 0 = -3*q - 3*c + 33, -3*c + 9 + 18 = 2*q. What is the tens digit of r(q)?
1
Let z = -2 + 5. Suppose -5*i + 73 = z*a - i, -4*a + 116 = -4*i. What is the units digit of a?
7
Let f(i) = 2*i**2 + 4*i. Let d be f(4). Suppose 2*c = -2*c + d. Suppose -3*r = -l - c - 2, 4*r = l + 19. What is the units digit of l?
1
Suppose -y - 4*w = -5, 0*w + 10 = -4*y - w. Let k(u) = -1 + 0*u - 1 + u + 8. What is the units digit of k(y)?
3
Let j be (4 - 2) + (4 - 2). Suppose j*r = 5*m - 0*m + 41, -2 = 2*r + 2*m. Suppose -r*g + 20 = 0, -3*g - 5 = -4*o + 4. What is the units digit of o?
6
Let q = -17 + 9. Let r be (2/q)/((-4)/32). Suppose -s - 3*m + r*m = -5, 6 = 2*s + 3*m. What is the units digit of s?
9
Let f(g) = -1. Let l(c) = 12*c - 2. Let z(o) = -4*f(o) + l(o). What is the units digit of z(1)?
4
Suppose -4*f + u = -20, -3*f + 6*u - u + 32 = 0. Suppose -4*l - f = 0, -4*j + 29 = -j + 4*l. What is the units digit of j?
1
Let z(p) = p - 3. Let q be z(5). Suppose 0 = -3*b + 7 + q. What is the units digit of -4*((-3)/(-2) - b)?
6
Suppose 3*a - 3 = r, -26 = 6*r - 2*r - 5*a. Let w = 15 + r. Suppose d - w = -2*d. What is the units digit of d?
2
Suppose 2*k - 278 = -2*k - 2*x, 129 = 2*k - x. What is the tens digit of k?
6
Suppose 4*v = 9 + 3. Suppose 0 = n - 0*n - v. Suppose 2*t - 2 = -m, -2*t = -3*m - n*t + 16. What is the units digit of m?
6
Let q be (9/3)/((-3)/(-2)). Let d be 10 + -2 + 2 - q. Suppose c - d = j, -4*c + 2*j = -c - 20. What is the units digit of c?
4
Suppose -2*f + a + 5 = 0, a = 2*f + 2*a - 3. Suppose -25 = -f*p - 5. Suppose -2*v - p = 4*h, -v + 8 = -2*v - 3*h. What is the units digit of v?
1
Suppose -4*c - 6 = -n - 3*c, 0 = 4*n + 5*c - 6. Suppose u + u - n*y + 8 = 0, -3*y + 11 = u. Suppose 2 + u = 2*j. What is the units digit of j?
2
Let i = 74 - 40. What is the tens digit of i?
3
Suppose 0 = -b, 3*p + 2*b - 66 = -2*b. Let a be 1 + -3 + 1 - p. Let f = 39 + a. What is the units digit of f?
6
Let j be 0 + 0 - (2 + 2). Let u(t) = t**2 + 2*t - 5. What is the units digit of u(j)?
3
Let v = 46 - 16. What is the units digit of v?
0
Let w(u) = u**3 + 7*u**2 + 3*u - 7. Let b be 2*1 - (5 - -2). Let r be w(b). Suppose r = 2*g + 2*g. What is the units digit of g?
7
What is the units digit of ((-18)/(-8))/(6/16)?
6
Let g(n) = -n**2 + 8*n. Let j(w) = w**2 - 7*w. Let k(u) = 4*g(u) + 5*j(u). Let m be k(4). Suppose 15 = m*x - x. What is the units digit of x?
5
What is the tens digit of 7/2*(-36)/(-3)?
4
Suppose -2*u - 3*u = -165. What is the tens digit of u?
3
Let r be (-268)/(-9) + 8/36. Suppose 2*f + 4*a - r = 0, -2*f = -4*f + a + 10. What is the units digit of f?
7
Let s(p) = -p**3 - p**2 - p + 2. Let m be s(0). Suppose w + 6 = 2*w. Suppose w + 18 = m*i. What is the tens digit of i?
1
Let o be ((-4)/(-8))/((-1)/(-22)). Let m = 8 + o. What is the tens digit of m?
1
Suppose 2*c + 40 = 3*b, 4*b - 8*c - 60 = -4*c. Let d be (2/(-5))/((-2)/b). Suppose 3*k - d*g - 9 = -2*k, 5*k - 3*g = 11. What is the units digit of k?
1
Let k = 96 - 66. What is the tens digit of k?
3
Let r(l) = l**2 + 240. Let i be r(0). Suppose g = -2*g + i. Suppose -o - 3*o = -g. What is the tens digit of o?
2
Suppose 0 = -y + 3*y + 42. Let x = 11 + y. What is the units digit of (-10)/(-4)*(-8)/x?
2
Let u be (393 - -1)*3/6. Suppose -2*b - 52 = 5*g - u, 0 = b - 3*g - 67. Suppose h - 6*h = -b. What is the tens digit of h?
1
Suppose 0 = -b - 3*b - 28. Let k = b - -10. Suppose -51 - 3 = -k*w. What is the tens digit of w?
1
Let p = -115 - -325. What is the hundreds digit of p?
2
Suppose -3*n + t = -3*t + 2, 3*n - 16 = -5*t. What is the units digit of n?
2
Suppose 5*n = -2*i + 125, -2*n - 56 = -5*i + 184. What is the tens digit of i?
5
Suppose -2*x = -4*x + 52. What is the units digit of 0 - 4/((-8)/x)?
3
Let y(m) = m**2 - 2*m - 1. Let n be y(7). Let p = n + -14. What is the tens digit of p?
2
Suppose 0 = -2*u - 2*h - 0*h + 14, 0 = 3*u - 4*h + 7. Suppose -3*p + 2*p + 3*c - 6 = 0, u*p + 3*c - 30 = 0. Suppose -t = -p - 0. What is the units digit of t?
6
Suppose 0 = -i - q + 10, 2*i = 5*q + 15 + 19. Suppose 5*v - 57 = -i. What is the units digit of v?
9
Suppose -4 = -s - 3*h - 0, -s - h = -4. Suppose 2*z - z = s. What is the units digit of z?
4
Let m = 3 + -1. What is the units digit of (0 + m/4)*4?
2
Let g be 2/(-3)*(-666)/12. Suppose 3*d = 6*d + 5*p - 11,